-2*j, 0*k - 4*k = 2*j - 430. Calculate the remainder when k is divided by 16.
13
Let d be (2 - -2 - 2) + 5. Suppose l + d + 35 = 0. Let s = -29 - l. Calculate the remainder when 24 is divided by s.
11
Let k be -2 + (2 - (-106 + -2)). Let h = k - 47. What is the remainder when h is divided by 21?
19
Let a = -271 - -294. Let p be 8 + -1 - (0 + 0). Suppose g + p = -4*r + 26, 20 = -4*g. Calculate the remainder when a is divided by r.
5
Let g(f) = -f**2 + 11*f - 5. Let r be 4/16 - (-14)/8. Let x be 8/r + (-6)/(-3). Calculate the remainder when g(x) is divided by 9.
7
Let f(i) = -i - 1. Let g be f(-4). Suppose j + 88 = -g*j. Calculate the remainder when (0 - 1)/(2/j) is divided by 6.
5
Suppose 17*n - 14*n = 9. Suppose 3*i - 2*i - 5 = 0. What is the remainder when i is divided by n?
2
Let w(a) = 13*a**3 - 2*a**2 + 1. Calculate the remainder when 35 is divided by w(1).
11
What is the remainder when ((-5)/(-4))/(1/12) is divided by (15/20)/(2/16)?
3
Suppose -4*x + 30 = -5*o, -4*o = x - 3*o - 3. Calculate the remainder when (3/(-1))/((-2)/6) is divided by x.
4
Let g be 1/3 + 12/(-9). Let a = 3 + g. Suppose -5*v + 8*v - 49 = -2*z, -2*v - a*z = -36. Calculate the remainder when v is divided by 5.
3
Let j(c) = c**2 - c + 23. Suppose -16*a = -15*a. What is the remainder when j(a) is divided by 12?
11
Let v be 1 + -1 + 3 + -3. Suppose 2*b - 19 = 3*s, -4*b - s = -v*s - 17. What is the remainder when 8 is divided by b?
3
Let m(j) = -7*j - 76. Calculate the remainder when 82 is divided by m(-17).
39
Let g = -590 + 604. Let c = 95 + -43. Calculate the remainder when c is divided by g.
10
Let c(g) = g**3 - 9*g**2 - 6*g - 11. Let p be c(10). Let o = 8 + p. Calculate the remainder when o is divided by 10.
7
Suppose -1 = -3*o + 5. Let z(g) = 6*g**3 - g**2 + g - 1. What is the remainder when z(o) is divided by 16?
13
Suppose 3*p + 5*w - 14 = 0, -14 = -4*p + 3*w - 5. Let v be p - (2 - (-3 + 6)). Suppose -44 = -v*h - 0*h. What is the remainder when h is divided by 6?
5
Let b(m) = 12*m + 3. What is the remainder when b(5) is divided by 32?
31
Let q be 1/(-4) - 333/12. Let z = -18 - q. Calculate the remainder when 38 is divided by z.
8
Let b be (-12)/9*3/1. Calculate the remainder when 32 is divided by ((-17)/b)/((-2)/(-8)).
15
Suppose 0 = 5*h - 2*h - 108. Let k = -41 + 60. Calculate the remainder when h is divided by k.
17
Suppose -7*h + 4*h = -84. Suppose -3*t + 26 = -h. What is the remainder when 51 is divided by t?
15
Let r = 47 + 10. Let w = r - 28. Calculate the remainder when w is divided by 6.
5
Let q = 6 + -3. Suppose q*s + 5*g = s + 57, -g - 32 = -s. Suppose -d + 3*o - o + 13 = 0, 5*o = 5*d - 60. What is the remainder when s is divided by d?
9
Suppose -2*z = 3*z - 15. Let y(p) = -6*p + 37. Calculate the remainder when y(5) is divided by z.
1
Suppose -3*z + 13 = p + 2*z, -p = -2*z - 6. Suppose -b + p = -3*s - 2, -5*b - s = -82. Calculate the remainder when b is divided by 6.
4
Suppose -4*x = x + 85. Let c = x + 2. What is the remainder when 31 is divided by (1 - c) + 1 + -1?
15
Calculate the remainder when 17 is divided by -1*(0 - (1 - -4)).
2
Suppose 4*s - 6 + 14 = 0, -5*x + 46 = 2*s. Calculate the remainder when x is divided by 4.
2
What is the remainder when (-324)/(-32) - (-4)/(-32) is divided by 6?
4
Let j be (-4)/22 - 932/(-44). What is the remainder when (1 - 6)*4/(-1) is divided by j*((-1)/(-3) + 0)?
6
Let h(x) = x - 4. Let w be h(7). What is the remainder when (5 + -35)/(w/(-2)) is divided by 11?
9
Let i = 38 + -20. Calculate the remainder when 110 is divided by i/(-45) + 142/5.
26
Let h(r) = 2*r**2 - 4. Let l = 15 + -10. Suppose -3*s + 3*y + 7 = -2*s, -4*s + 2*y = -58. Calculate the remainder when h(l) is divided by s.
14
Let l = 17 + 13. Calculate the remainder when 88 is divided by l.
28
What is the remainder when 4/88*-4 - 2976/(-33) is divided by 19?
14
Let t be 235 + 5/(5/(-3)). What is the remainder when ((-2)/4)/((-4)/t) is divided by 10?
9
What is the remainder when 36 is divided by (-75)/(-20)*16/3?
16
Let y(o) = -2*o - 2. Let n be y(-2). Suppose -n*j = -6*j - d + 10, 8 = 4*d. Calculate the remainder when 4 is divided by j.
0
Let v(q) = q**3 + 10*q**2 + 6*q - 1. What is the remainder when 101 is divided by v(-9)?
23
Calculate the remainder when 67/5 + 10/(-25) is divided by (1 + 19)*6/15.
5
Let g(u) = 2*u**2 + u - 2. Let t be g(-2). Suppose -3*f - t*d + 48 = -7*f, -16 = -4*d. Calculate the remainder when 34 is divided by 1/4 + (-94)/f.
10
Let n(y) = -y - 16. Let a be n(0). Let z = a - -34. What is the remainder when 33 is divided by z?
15
Calculate the remainder when (102/(-8))/(36/(-48)) is divided by 10.
7
Let u = -35 - -50. Suppose 2*v - 8 = v. What is the remainder when (u/2)/((-3)/(-6)) is divided by v?
7
Let b(z) = z**3 - 11*z**2 + 10*z + 5. Let q(j) = -j**3 - j**2 - j - 2. Calculate the remainder when q(-3) is divided by b(10).
4
Let u(f) = 2*f. Let w be u(2). Suppose -36 = -o - o - 3*g, 8 = w*g. Calculate the remainder when 59 is divided by o.
14
Let q(y) = 13*y + 2. What is the remainder when 81 is divided by q(2)?
25
Let v(c) = -13*c + 2. What is the remainder when 43 is divided by v(-1)?
13
Suppose -l + 114 = 2*h + 2*h, 0 = -l + h + 99. Calculate the remainder when l is divided by 26.
24
Let r be (-2)/4 - (-14)/4. Suppose j - 4*b - 21 = 15, r*b + 15 = 0. What is the remainder when ((-9)/18)/((-1)/60) is divided by j?
14
Let z(s) = -s**3 - 4*s**2 + 4*s - 2. Suppose -7 = -2*b + 7. Calculate the remainder when b is divided by z(-5).
1
What is the remainder when 21 is divided by (((-63)/(-2))/(-7))/(3/(-4))?
3
Calculate the remainder when ((-6)/(-1))/3 + 41 is divided by 12.
7
Let t(b) = 2*b**2 + b + 1. Let k be t(-5). Suppose -28 = -2*g + 3*l + 3, 2*l = -2*g + k. Let v = 25 + 14. What is the remainder when v is divided by g?
19
Let t be -2 + -2 + 4 + 17. Let b(d) = 0*d - t + d + 23. What is the remainder when 7 is divided by b(-4)?
1
Let p be ((-15)/(-2))/((-7)/(-70)). Let g = p - 53. Calculate the remainder when g is divided by 6.
4
Let y(v) = -3*v + 1. Calculate the remainder when y(-14) is divided by 15.
13
Let b be (-1 + 1)*-1 - -1. Suppose -y + 10 = b. Let j = 30 + -25. Calculate the remainder when y is divided by j.
4
Let b(r) = -2*r + 8. Let a be b(9). What is the remainder when (-145)/(-7) + a/(-35) is divided by 8?
5
Suppose -l + 1 = -1. Let h be (-20 + l)/(10/(-5)). Suppose h = 4*z - 15. Calculate the remainder when 11 is divided by z.
5
Let c(u) = 15*u**3 + u - 8. What is the remainder when c(2) is divided by 24?
18
Calculate the remainder when 19 is divided by (24/(-21))/((-2)/7).
3
Suppose 2*o = o - 2*d, 0 = -5*o + d. Calculate the remainder when (-1482)/95*(-5)/2 is divided by 20/(1/1) - o.
19
Let y(u) = -2*u - 8. Let v(d) = -2*d - 7. Let p(l) = -6*v(l) + 5*y(l). Let c = -33 + 67. Calculate the remainder when c is divided by p(5).
10
Suppose -4*v + 39 = -0*r - 5*r, r + 59 = 4*v. Calculate the remainder when 63 is divided by v.
15
Let d(b) = b - 2. Let p be d(4). What is the remainder when 9 is divided by ((-20)/(0 - 2))/p?
4
Suppose 0 = 2*d - 5*t - 80, -2*d + t + 80 = 2*t. What is the remainder when d is divided by 14?
12
Let c(a) = -a**3 + 6*a**2 - 3*a + 19. Suppose -5 = -5*g - 0. Calculate the remainder when c(6) is divided by g.
0
Suppose -3*t + 192 = -2*q - q, 0 = -t + 4*q + 52. Calculate the remainder when t is divided by (-6)/(-9) - 80/(-6).
12
Suppose 5*y - 54 = 2*p, 8 = 5*y - 5*p - 37. What is the remainder when y is divided by 5?
2
Suppose 2*m - 49 = -5*m. What is the remainder when m is divided by 2?
1
Let c = 12 - 6. Let k be c/4 + 1863/(-18). What is the remainder when k/(-4) - 5/10 is divided by 7?
4
Let l = 19 - 7. Suppose 0*o - 4*o = 3*i - 102, 4*o = 3*i - 102. Calculate the remainder when i is divided by l.
10
Let g(x) = x**3 - 4*x + 1. Calculate the remainder when 44 - 2 - (-2 + -2) is divided by g(3).
14
Let n = -200 + 341. What is the remainder when n is divided by 16?
13
Let q(y) = y**2 + 6*y + 4. Let m be q(-6). Suppose -n = 2*n + 2*u - 1, m*u + 4 = 0. Let j(b) = 39*b - 1. Calculate the remainder when j(n) is divided by 10.
8
Suppose 22 = s - 56. Suppose 0 = -4*u + 35 + 45. Calculate the remainder when s is divided by u.
18
Let b(r) = -r**2 + 5*r - 4. Let k be b(4). Suppose k*t + 75 = 5*t. Calcul